{"id":378,"date":"2024-02-22T18:57:13","date_gmt":"2024-02-22T17:57:13","guid":{"rendered":"https:\/\/cormbj.com\/?page_id=378"},"modified":"2025-03-26T20:09:48","modified_gmt":"2025-03-26T19:09:48","slug":"frere-richard-hardi","status":"publish","type":"page","link":"https:\/\/cormbj.com\/?page_id=378","title":{"rendered":"Dr Richard Hardi"},"content":{"rendered":"\t\t<div data-elementor-type=\"wp-page\" data-elementor-id=\"378\" class=\"elementor elementor-378\" data-elementor-post-type=\"page\">\n\t\t\t\t<div class=\"elementor-element elementor-element-13e896f4 e-con-full animated-slow e-flex elementor-invisible e-con e-parent\" data-id=\"13e896f4\" data-element_type=\"container\" data-e-type=\"container\" data-settings=\"{&quot;background_background&quot;:&quot;classic&quot;,&quot;animation&quot;:&quot;fadeIn&quot;}\">\n\t\t<div class=\"elementor-element elementor-element-2c7b5918 e-con-full e-flex e-con e-child\" data-id=\"2c7b5918\" data-element_type=\"container\" data-e-type=\"container\">\n\t\t\t\t<div class=\"elementor-element elementor-element-52e220fa elementor-widget elementor-widget-heading\" data-id=\"52e220fa\" data-element_type=\"widget\" data-e-type=\"widget\" data-widget_type=\"heading.default\">\n\t\t\t\t<div class=\"elementor-widget-container\">\n\t\t\t\t\t<h2 class=\"elementor-heading-title elementor-size-default\">Le Dr Richard Hardi \n<\/h2>\t\t\t\t<\/div>\n\t\t\t\t<\/div>\n\t\t\t\t<div class=\"elementor-element elementor-element-8b78fe0 elementor-widget elementor-widget-text-editor\" data-id=\"8b78fe0\" data-element_type=\"widget\" data-e-type=\"widget\" data-widget_type=\"text-editor.default\">\n\t\t\t\t<div class=\"elementor-widget-container\">\n\t\t\t\t\t\t\t\t\t<p>Fr\u00e8re de la Communaut\u00e9\u00a0 des b\u00e9atitudes, Medecin fondateur de la COR<\/p>\t\t\t\t\t\t\t\t<\/div>\n\t\t\t\t<\/div>\n\t\t\t\t<div class=\"elementor-element elementor-element-73c90ec2 elementor-widget__width-initial elementor-widget elementor-widget-text-editor\" data-id=\"73c90ec2\" data-element_type=\"widget\" data-e-type=\"widget\" data-widget_type=\"text-editor.default\">\n\t\t\t\t<div class=\"elementor-widget-container\">\n\t\t\t\t\t\t\t\t\t<p>Richard Hardi est n\u00e9 en 1958 \u00e0 Budapest en tant que quatri\u00e8me enfant d&rsquo;une famille de six. Il fit ses \u00e9tudes primaires et secondaires dans le syst\u00e8me scolaire de la Hongrie communiste. Lorsque son p\u00e8re r\u00e9ussit \u00e0 d\u00e9crocher un travail en Alg\u00e9rie, le jeune Richard de 15 ans partit avec ses parents et trois de ses fr\u00e8res pour vivre pendant 5 ans \u00e0 Constantine. Ces ann\u00e9es pass\u00e9es en Afrique du Nord le marqu\u00e8rent profond\u00e9ment. C&rsquo;est \u00e0 ce moment que son int\u00e9r\u00eat pour l&rsquo;Afrique se d\u00e9clara clairement. A son retour en Hongrie, il commence des \u00e9tudes de m\u00e9decine qu&rsquo;il termine dix ans plus tard \u00e0 l&rsquo;h\u00f4pital de Tatab\u00e1nya avec une sp\u00e9cialisation en ophtalmologie. Apr\u00e8s son examen de sp\u00e9cialisation, il s&rsquo;engage dans la Communaut\u00e9 des B\u00e9atitudes qui cherche \u00e0 l&rsquo;\u00e9poque depuis longtemps un ophtalmologue pour l&rsquo;h\u00f4pital de Kabinda au Za\u00efre.<\/p>\t\t\t\t\t\t\t\t<\/div>\n\t\t\t\t<\/div>\n\t\t\t\t<\/div>\n\t\t\t\t<div class=\"elementor-element elementor-element-565207c elementor-widget__width-initial elementor-widget-tablet__width-inherit elementor-widget elementor-widget-image\" data-id=\"565207c\" data-element_type=\"widget\" data-e-type=\"widget\" data-widget_type=\"image.default\">\n\t\t\t\t<div class=\"elementor-widget-container\">\n\t\t\t\t\t\t\t\t\t\t\t\t\t\t\t<img fetchpriority=\"high\" decoding=\"async\" width=\"550\" height=\"367\" src=\"https:\/\/cormbj.com\/wp-content\/uploads\/2025\/02\/HDA5745.jpeg\" class=\"attachment-large size-large wp-image-705\" alt=\"\" srcset=\"https:\/\/cormbj.com\/wp-content\/uploads\/2025\/02\/HDA5745.jpeg 550w, https:\/\/cormbj.com\/wp-content\/uploads\/2025\/02\/HDA5745-300x200.jpeg 300w\" sizes=\"(max-width: 550px) 100vw, 550px\" \/>\t\t\t\t\t\t\t\t\t\t\t\t\t\t\t<\/div>\n\t\t\t\t<\/div>\n\t\t\t\t<\/div>\n\t\t<div class=\"elementor-element elementor-element-0d607b7 e-flex e-con-boxed e-con e-parent\" data-id=\"0d607b7\" data-element_type=\"container\" data-e-type=\"container\" data-settings=\"{&quot;background_background&quot;:&quot;classic&quot;}\">\n\t\t\t\t\t<div class=\"e-con-inner\">\n\t\t\t\t<div class=\"elementor-element elementor-element-72bd2eb elementor-widget elementor-widget-text-editor\" data-id=\"72bd2eb\" data-element_type=\"widget\" data-e-type=\"widget\" data-widget_type=\"text-editor.default\">\n\t\t\t\t<div class=\"elementor-widget-container\">\n\t\t\t\t\t\t\t\t\t<p>A son arriv\u00e9e \u00e0 Kabinda, il d\u00e9couvre les conditions difficiles de l&rsquo;h\u00f4pital, le manque de m\u00e9decins, de mat\u00e9riel et d&rsquo;\u00e9lectricit\u00e9. L&rsquo;approvisionnement en eau \u00e9tait d\u00e9j\u00e0 r\u00e9solu, mais l&rsquo;\u00e9lectricit\u00e9 n&rsquo;\u00e9tait fourni que 2 heures par jour gr\u00e2ce \u00e0 un g\u00e9n\u00e9rateur \u00e0 fiabilit\u00e9 douteuse. Fr\u00e8re Richard doit organiser et mettre en place le syst\u00e8me de st\u00e9rilisation, pr\u00e9voir les op\u00e9rations s&rsquo;il y a un chirurgien disponible, installer la radiographie, etc&#8230; Pour tout le mat\u00e9riel qui manquait ou qui tombait en panne et qui \u00e9tait irr\u00e9parable sur place, il devait aller jusqu&rsquo;\u00e0 Mbuji Mayi ou m\u00eame Kinshasa. Pour arriver \u00e0 Mbuji Mayi il faut compter 10 \u00e0 12 heures de route sur une piste affreuse, et pour arriver \u00e0 Kinshasa on est oblig\u00e9 de prendre l&rsquo;avion. Apr\u00e8s plusieurs ann\u00e9es de travail acharn\u00e9, fr\u00e8re Richard r\u00e9ussit \u00e0 r\u00e9soudre le probl\u00e8me de l&rsquo;\u00e9lectricit\u00e9 \u00e0 l&rsquo;h\u00f4pital. Dans la ville de Kabinda jusqu&rsquo;\u00e0 aujourd&rsquo;hui il n&rsquo;y a ni de r\u00e9seau \u00e9lectrique ni de r\u00e9seau de distribution de l&rsquo;eau. A l&rsquo;aide des panneaux solaires sur les toits de l&rsquo;h\u00f4pital, et d&rsquo;un r\u00e9seau \u00e9lectrique interne \u00e9galement install\u00e9 par fr\u00e8re Richard, l&rsquo;h\u00f4pital est \u00e9clair\u00e9 et a acc\u00e8s \u00e0 l&rsquo;\u00e9lectricit\u00e9 24 heures sur 24.<\/p><p>En 1996 la guerre \u00e9clate au Za\u00efre entre les troupes rebelles de Laurent D\u00e9sir\u00e9 Kabila et le r\u00e9gime Mobutu en place. Kabila poss\u00e9dait une mine d&rsquo;or \u00e0 Mobaba dans la r\u00e9gion du lac Tanganyika qu&rsquo;il exploitait avec sa propre milice. Sa milice \u00e9tait bien arm\u00e9 et financ\u00e9e par les revenus de cette mine. La grande majorit\u00e9 des \u00e9trangers pr\u00e9sents \u00e0 l&rsquo;\u00e9poque quitt\u00e8rent rapidement le Za\u00efre. Les repr\u00e9sentations diplomatiques demand\u00e8rent \u00e0 la Communaut\u00e9 des B\u00e9atitudes aussi de quitter le pays. Dans ces ann\u00e9es de guerre, fr\u00e8re Richard \u00e9tait aussi le berger de la communaut\u00e9 \u00e0 Kabinda et le poids de cette d\u00e9cision lui revint. Ensemble, tous les membres de la communaut\u00e9 de Kabinda, prirent la d\u00e9cision de rester sur place. Ils savaient que les habitants de la r\u00e9gion allaient avoir besoin de l&rsquo;h\u00f4pital encore plus que dans les p\u00e9riodes de paix. Fr\u00e8re Richard \u00e9crivait \u00e0 ce moment: \u00ab Notre secours est dans la pri\u00e8re. Nous exposons le Saint Sacrement dans la chapelle et nous nous relayons dans une adoration sans arr\u00eat, nuit et jour. Il m&rsquo;est arriv\u00e9 d&rsquo;arr\u00eater les consultations, de partir prier pendant une heure, puis de revenir et de continuer les consultations. Les malades m&rsquo;attendaient sans protester. Nous avions aussi pris l&rsquo;habitude de prier le rosaire sans interruption et le population environnante vint se joindre \u00e0 nos pri\u00e8res. Le front s&rsquo;arr\u00eata juste devant Kabinda qui fut entour\u00e9 pendant un an et demi par les chars ennemis post\u00e9s sur les collines alentours. Notre pr\u00e9sence \u00e0 ce moment fut consid\u00e9r\u00e9e par les habitants comme un t\u00e9moignage sans \u00e9quivoque. Jusqu&rsquo;aujourd&rsquo;hui ils continuent de nous le rappeler: \u00ab Vous \u00eates rest\u00e9s fid\u00e8les avec nous pendant la guerre, vous \u00e9tiez avec nous dans le plus grand besoin. Nous avions si peur de vous voir partir un jour, et ce jour aurait \u00e9t\u00e9 la fin de tout pour nous. \u00bb Et fr\u00e8re Richard termine sa lettre: \u00ab Dans ces ann\u00e9es-l\u00e0, nous avons v\u00e9cu sur la paume des mains de Dieu et nous avons \u00e9prouv\u00e9 intens\u00e9ment sa pr\u00e9sence dans notre vie. \u00bb<\/p>\t\t\t\t\t\t\t\t<\/div>\n\t\t\t\t<\/div>\n\t\t\t\t\t<\/div>\n\t\t\t\t<\/div>\n\t\t<div class=\"elementor-element elementor-element-61843c1 e-flex e-con-boxed e-con e-parent\" data-id=\"61843c1\" data-element_type=\"container\" data-e-type=\"container\">\n\t\t\t\t\t<div class=\"e-con-inner\">\n\t\t\t\t\t<\/div>\n\t\t\t\t<\/div>\n\t\t\t\t<\/div>\n\t\t","protected":false},"excerpt":{"rendered":"<p>Le Dr Richard Hardi Fr\u00e8re de la Communaut\u00e9\u00a0 des b\u00e9atitudes, Medecin fondateur de la COR Richard Hardi est n\u00e9 en 1958 \u00e0 Budapest en tant que quatri\u00e8me enfant d&rsquo;une famille de six. Il fit ses \u00e9tudes primaires et secondaires dans le syst\u00e8me scolaire de la Hongrie communiste. Lorsque son p\u00e8re r\u00e9ussit \u00e0 d\u00e9crocher un travail [&hellip;]<\/p>\n","protected":false},"author":1,"featured_media":0,"parent":0,"menu_order":0,"comment_status":"closed","ping_status":"closed","template":"","meta":{"footnotes":""},"class_list":["post-378","page","type-page","status-publish","hentry"],"_links":{"self":[{"href":"https:\/\/cormbj.com\/index.php?rest_route=\/wp\/v2\/pages\/378","targetHints":{"allow":["GET"]}}],"collection":[{"href":"https:\/\/cormbj.com\/index.php?rest_route=\/wp\/v2\/pages"}],"about":[{"href":"https:\/\/cormbj.com\/index.php?rest_route=\/wp\/v2\/types\/page"}],"author":[{"embeddable":true,"href":"https:\/\/cormbj.com\/index.php?rest_route=\/wp\/v2\/users\/1"}],"replies":[{"embeddable":true,"href":"https:\/\/cormbj.com\/index.php?rest_route=%2Fwp%2Fv2%2Fcomments&post=378"}],"version-history":[{"count":29,"href":"https:\/\/cormbj.com\/index.php?rest_route=\/wp\/v2\/pages\/378\/revisions"}],"predecessor-version":[{"id":915,"href":"https:\/\/cormbj.com\/index.php?rest_route=\/wp\/v2\/pages\/378\/revisions\/915"}],"wp:attachment":[{"href":"https:\/\/cormbj.com\/index.php?rest_route=%2Fwp%2Fv2%2Fmedia&parent=378"}],"curies":[{"name":"wp","href":"https:\/\/api.w.org\/{rel}","templated":true}]}}